- q. Is q composite?
True
Let j(l) = -l**3 - 4*l**2 + 21*l + 9. Let m be j(-8). Suppose -2*o - 23 = -m. Is o a composite number?
False
Suppose -2637 = -7*c - 2*c. Is c a composite number?
False
Suppose 5*c = 2*m - 19, -4*m = -2*c + 5*c + 27. Is ((-213)/9 + -2)*m a prime number?
False
Suppose -3*w + 3*l = -2*w - 213, 0 = 3*w + 5*l - 667. Suppose -w - 76 = -5*t. Is t a prime number?
True
Let f be (-2)/(-6)*(-4 + 1). Is (-54 - f)/(-4 + 3) prime?
True
Let n(p) = 46*p + 89. Is n(8) a prime number?
True
Let u = -1 - -5. Suppose q - u*w + 16 = -0*q, -8 = 2*q - 2*w. Suppose -2*l = -q*l - 42. Is l a prime number?
False
Let n(v) = 5*v**2. Let m be n(1). Suppose 5*i - 46 = -3*u + 427, m*u - 193 = -2*i. Suppose o = -o + i. Is o a composite number?
False
Let r(d) = 3*d**2 - 4*d + 4. Let y(v) = 3*v**2 - 4*v + 5. Let t(g) = 3*r(g) - 2*y(g). Is t(2) a prime number?
False
Let x = 3 + -2. Let s = -2 - x. Let z = 3 - s. Is z a composite number?
True
Let a = -3 + 7. Suppose 0*x - a*x = -668. Is x prime?
True
Let k be (-2)/(-7) - (-4464)/56. Let i = k + -1. Is i a prime number?
True
Let y = -91 + 469. Let j = 529 - y. Let v = j - 92. Is v composite?
False
Let g(r) = 2*r**2 - 11*r + 4. Let x be g(7). Suppose x = j - 9. Suppose 0*v + 5*b - 40 = -5*v, 5*v = b + j. Is v a prime number?
True
Is 497/(12/3 + -3) a prime number?
False
Let l(p) = 4*p**2 - 4*p + 25. Is l(-13) a composite number?
True
Suppose -2*v = 3*v + 3*o - 15, 10 = 5*v + 4*o. Suppose v*p = 3*p + 879. Is p a prime number?
True
Suppose t + 624 + 899 = 5*o, 5*t - 897 = -3*o. Let v = -181 + o. Is v prime?
False
Suppose -5*f + 3*m = 5*m + 276, 3*m = -3*f - 171. Let a = 97 + f. Is a a composite number?
False
Let j = -692 - -1369. Is j composite?
False
Suppose 0 = -4*h + 5*g + 1417 + 3430, 0 = 3*g - 3. Is h prime?
True
Suppose 5*u - 3*h - 8 = 0, 3*h = 2*u + 2*h - 4. Let r = -19 + u. Let g = -2 - r. Is g a prime number?
True
Suppose 5*j - 39 = -2*r - 7, -5*r + 3*j = -49. Is r prime?
True
Let a(u) = -22*u - 1. Let n be a(3). Suppose -4*w + 233 = -527. Let y = n + w. Is y prime?
False
Let s(w) = -60*w - 4. Let n(j) = j - 1. Let q(b) = 3*n(b) - s(b). Is q(2) composite?
False
Let z(w) = -w**3 + 14*w**2 + 2*w - 16. Let b be z(14). Let n(x) = x**3 - 10*x**2 - 15*x - 11. Is n(b) a prime number?
True
Let q(h) = -550*h. Let x be q(-1). Suppose i + 219 = x. Is i a composite number?
False
Let g(u) = 152*u - 5. Is g(6) a composite number?
False
Suppose -9*c + c + 5480 = 0. Is c composite?
True
Let j = 325 + -140. Is j composite?
True
Let w(l) = 3*l**2 - 5*l + 3. Is w(-7) composite?
True
Let z = 2 - 1. Let j be 0 + z - 4/2. Is (2/4)/(j/(-30)) composite?
True
Suppose -a - 1870 = 4*a. Let g = a + 537. Is g a prime number?
True
Let x = 701 - -1694. Is x a composite number?
True
Let x = 1 + 1. Let k be (-1 - 2/1) + 25. Suppose 4*g = -x*s + k, -5*s - 23 = 2*g - 62. Is s composite?
False
Let z be (-2)/(-6) + 10/6. Let m be (-4)/(-8) - (-361)/z. Let k = m - 88. Is k a composite number?
True
Suppose 0 = -6*k + 4*k + 112. Suppose -k = t - 5*t. Is t a prime number?
False
Suppose 17 = a - 18. Is 574/10 + 21/a composite?
True
Let i(m) = -150*m - 3. Is i(-3) a prime number?
False
Suppose 3 = 5*k - 4*k, -k = x - 101. Let g = x + -67. Is g a prime number?
True
Let b(l) = -35*l + 7. Let x = -7 - -15. Let v be b(x). Is (v/12)/(2/(-8)) a prime number?
False
Suppose -y + 9 = 1. Suppose -4*o + 2*o = -y. Suppose -o*t = -7*t + 213. Is t a prime number?
True
Is (-4246)/(-4) - 5/10 a prime number?
True
Let k(i) = -i**3 - 13*i**2 + 3. Let n be k(-13). Suppose -x = n*x - a - 353, -5*x - 5*a = -460. Is x a prime number?
True
Suppose -5*c + 5*k - 47 = -12, -k + 11 = -2*c. Is c*((-213)/12 - -1) composite?
False
Suppose 0 = 5*r - n - 30, -4*r = -2*n + 4*n - 10. Suppose 5*g + 2*y = -197, -3*y = 2*y + r. Let l = g + 62. Is l a composite number?
False
Let q = 853 - -768. Is q a composite number?
False
Let n = 573 + -202. Let g = 936 - n. Is g composite?
True
Let z(w) = 16*w - 3. Is z(13) a prime number?
False
Let c(l) be the second derivative of 28*l**3/3 + l**2/2 + l. Suppose -3*j + 5*j = 4. Is c(j) a prime number?
True
Suppose -3*m - 6*d = -d + 97, -5*d = 5*m + 145. Is ((-8)/m)/(2/330) prime?
False
Suppose 0 = -3*j - 5*c - 336, j - 3*c + 54 + 72 = 0. Let u = j - -208. Is u a composite number?
True
Suppose 0 = -5*g + 1 - 6, -3*z - 5*g = -10. Let h(t) = -4*t + 3. Let d be h(z). Is (-2)/3*3 - d a composite number?
True
Let j = 6 + -6. Let f = 2 + j. Suppose f*b - b - 10 = 0. Is b prime?
False
Suppose 5*b - 158 = -2*r, 5*b = 3*r - 2*r - 49. Is r composite?
True
Suppose -2 = -3*f + 1, 40 = -3*a - 2*f. Is (-766)/a + 12/42 prime?
False
Let p(z) = 3*z - 24*z + 2*z. Is p(-5) composite?
True
Let m = -558 + 897. Is m prime?
False
Let a(w) = -7*w**2 - 7*w. Let d be a(-5). Let z = d - -349. Is z a composite number?
True
Let b = -1237 - -2334. Is b composite?
False
Let h(d) = 15*d**3 + 10*d**3 - 16*d**3 - 1 + 2*d**2. Let t be 32/14 + 2/(-7). Is h(t) prime?
True
Let o = -212 - -1153. Is o prime?
True
Let a(g) be the first derivative of -4*g**2 + g - 5. Is a(-4) prime?
False
Suppose 2*f = -4*x - 2*f + 1168, 4*f = -3*x + 875. Is x a prime number?
True
Suppose -3*l - 8 = l. Let t = l + 1. Is (-1305)/(-20) + t/4 a composite number?
True
Let z = 6212 + -2391. Is z a composite number?
False
Let r(b) = b - 2. Let c(a) = -2*a**3 - 4*a**2 - 2*a. Let y be c(-2). Let j be r(y). Suppose -30 = -j*t - x - 5, t - 11 = -2*x. Is t composite?
False
Let q(y) = y**3 + 2*y**2 - y. Let w be q(-2). Is -1 + -3 + w - -13 prime?
True
Suppose 22 = f - 245. Is f composite?
True
Suppose 5*x - 4613 = -3*f - 0*f, -6170 = -4*f + 3*x. Is f composite?
True
Let k(p) = p**3 - 20*p**2 + 17*p + 7. Is k(25) prime?
True
Suppose 3*b - h = -4*h + 7254, 12110 = 5*b + h. Is b composite?
False
Suppose -2*z + 3*x + 8 = 0, 3*z - 5*x = -x + 12. Let l = -1 + z. Suppose -l*f + 156 + 51 = 0. Is f prime?
False
Let i(x) be the first derivative of 7*x**3/3 + 4*x**2 - x + 5. Is i(-6) a prime number?
False
Let u(z) be the second derivative of -2*z - 5/12*z**4 - 2*z**2 + 1/20*z**5 - 1/2*z**3 + 0. Is u(6) a composite number?
True
Suppose -2*x = -3*b + 8771, -x = 4*b + x - 11690. Is b a composite number?
True
Let c(f) = -f**3 + 7*f**2 + 5*f + 10. Is c(-4) a prime number?
False
Let y be 2241/(-21) + 6/(-21). Let i = 192 + y. Let a = i + -54. Is a composite?
False
Suppose 5*f - 272 = -2*v + 351, 4*v = 3*f + 1285. Let g = 468 - v. Is g prime?
True
Let h(s) = -s**2 - 5*s - 3. Let o be h(-4). Is (-2008)/(-16)*2/o prime?
True
Let n = -134 - -223. Is n composite?
False
Let q(g) = 6*g - 8. Let l(y) be the second derivative of y**4/12 - y**3/3 - y**2/2 + 2*y. Let p be l(-2). Is q(p) a prime number?
False
Let h = 11 - 20. Let g be (0 + 3/h)*-12. Suppose -5*d = 5, g*f + 4*d = -d + 143. Is f prime?
True
Let k = -684 - -425. Let j be -3 + 5 - (-2 - k). Is (1 + -2)/(3/j) a composite number?
True
Suppose -d = -38 - 216. Is d a prime number?
False
Let h(z) = -z**3 - z**2 - 2*z - 1. Let u be h(-1). Let l be (10/(-6))/(u/(-3)). Suppose -l*t + 6 + 4 = 0. Is t a composite number?
False
Suppose -z - 232 = 5*i - 5*z, -5*i = 2*z + 244. Is 3 + -3 + (1 - i) a composite number?
True
Suppose 0 = -5*u - u + 654. Is u a prime number?
True
Let r be 20/6*12/8. Suppose 14 = r*s - 1. Is s a composite number?
False
Is ((-4)/(-8) - 4)*-6 a composite number?
True
Let t(l) be the second derivative of -10*l**3/3 + 3*l**2/2 - 4*l. Is t(-7) prime?
False
Let f(g) = 358*g**2 - 3*g - 3. Is f(-1) a composite number?
True
Let p(m) = m. Let q(w) = 2*w + 2. Let h(z) = 3*p(z) - q(z). Let t be h(4). Suppose -2*f + 0 = t, -144 = -3*x + 3*f. Is x composite?
False
Let i(p) = p**2 - 2*p - 5. Let g = -8 + 12. Let h be i(g). Let b(s) = 2*s**3 - s**2 + 4. Is b(h) composite?
True
Let p = 8 - -29. Let d = -23 + p. Is d a prime number?
False
Let x(a) = -a + 1. Let v be x(4). Let g(r) = -2*r**3 + r - r**3 + 2*r**3 + 3*r**2 - 4*r**2 + 4. Is g(v) composite?
False
Let m(b) = b**3 + 4*b**2 + 2*b - 2. Let s be m(-3). Let v = 2 + s. Suppose 0 = -0*a + v*a - 9. Is a prime?
True
Suppose 2*b = -b - 6. Is 52 + 9/(-6)*b a composite number?
True
Let g(i) = 33*i**3 + 10*i**2 - 12*i - 10. Let x(l) = 11*l**3 + 3*l**2 - 4*l - 3. Let n(f) = -2*g(f) + 7*x(f). Is n(3) prime?
True
Is 28/(-6)*(-1062)/